-12)) + (-2 + 5 - 12)?
-14
(24 - 44) + -4 + 6
-18
What is -4 + (66 - 27) + -4?
31
Evaluate -25 - 31 - (-1 + -115).
60
Calculate (25 - ((26 - -7) + -61)) + -17.
36
208 - -1 - (-477 - -581)
105
Calculate 14 - ((-22 - -4) + 36 - -3 - -21).
-28
What is the value of 11 + -10 + -8 + (7 - 11) + 6?
-5
What is 0 + -11 - (39 - (-20 - (10 - -2)))?
-82
Calculate -4 + 1 + -27 + 5 + 27 + -98.
-96
Evaluate (8 - 4) + -15 - (-10 - (5 + -17)).
-13
What is -5 + 8 + -1 + -194 + 275 - -20?
103
Evaluate (-125 - -2 - (-18 - -35 - 32)) + (0 - -9).
-99
-34 + -32 + (-13 - -33)
-46
Evaluate 4 + 10 - ((94 - 15) + 8 - 15).
-58
-31 - (40 + 34 - 83)
-22
Calculate 28 + 38 + -107 - (-1 + 5).
-45
Calculate -16 - (-4 - (8 + -19 + 18)).
-5
-74 - (18 + -1 + (-2 - 24))
-65
Evaluate 50 - (12 + (-13 - (3 - (3 + -2)))).
53
What is the value of (-35 - 13) + 23 + -28 + 103?
50
Evaluate 1 + (-6 - (-6 + (12 + -3 - (10 - 8)))).
-6
What is -34 - -36 - (9 + -11 + 9)?
-5
Calculate (-5 - (-23 + 23 - 5)) + 46.
46
Calculate -24 - ((-117 - -122) + (3 - 90)).
58
Calculate -16 - (7 + 91 + -162 + (-9 - 1)).
58
Evaluate 28 + 3 + -32 + 67 + 2.
68
What is the value of 63 + -40 + 10 + -79?
-46
Evaluate 790 - 791 - (-1 + -54).
54
Calculate (-4 - 44) + -3 - -70.
19
What is 42 + -36 + 50 + -15?
41
What is 119 + (-170 - (-9 + -35))?
-7
Calculate -4 - (-1 + -3) - (102 - 59 - 59).
16
What is the value of 38 + (2 - (37 + -44))?
47
What is the value of -14 + (-7 - (0 - -1 - (247 - 247))) + 111?
89
What is the value of (-21 - (-25 + 16 + 88 + 10)) + 6?
-104
Evaluate 3 + (3 - (52 + 22 - 7)).
-61
16 + (23 - (134 - 140 - (0 - 142)))
-97
What is -24 + (19 - (18 - 7)) + 10 + -18?
-24
What is (22 - (38 - -14)) + -13?
-43
Evaluate 3 + 1 + -2 + 114 + -209 + 161.
68
What is the value of 2 - (-34 + (9 - (-2 - 13 - -12)))?
24
12 + (22 - ((15 - 11) + 16))
14
Calculate (-4 - -4) + 10 - -14.
24
What is the value of 0 - 17 - (-141 + 61 - -94)?
-31
What is 76 + (45 - 3 - 105)?
13
Calculate (41 - (13 + (-26 - -16))) + -19.
19
-40 + 42 - (74 - (-12 + 5 + -5))
-84
8 - (-1 - -68 - (-112 + 63 + 63))
-45
Calculate -24 + (49 - 42) + (0 - 5) + 0 + 8.
-14
Evaluate (-6 - 2 - (6 + -9)) + (13 - 89) + 87.
6
What is the value of -31 - (-148 + -82 + 307)?
-108
What is (39 - (11 - 33)) + (-5 - ((0 - 0) + 5))?
51
Calculate 81 + -77 + (1 + (4 - 3) - 52).
-46
Calculate 64 + -109 + 23 - -36 - (1 + 0 - -96).
-83
-15 - (2 - (15 + -1) - -22)
-25
What is the value of 3 + -33 - (2 + 48 + -106)?
26
-229 - -390 - (45 - -22)
94
What is the value of -7 + 75 - -15 - 43?
40
10 - -14 - (1 - (16 - 60)) - 97
-118
Evaluate -37 + (36 - (9 - -17)) + 14.
-13
What is 129 + -11 + (-23 - 10)?
85
Evaluate 479 + -500 + (3 - -11).
-7
What is -6 - -3 - (-18 + -3) - (203 - 246)?
61
Calculate 3 - (18 + -1) - 13 - -34.
7
(-56 - -80 - 59) + 103
68
74 - (-4 + (15 + -24 + 5 - -17))
65
What is the value of 25 + (-55 - -9) + -12 - (0 + -1)?
-32
15 - (-2 - -2) - (-21 + (-18 - -50))
4
What is the value of 6 - (26 + -26 + -5)?
11
What is the value of 23 + -36 + -23 - -22 - (2 - -30)?
-46
Evaluate 51 + ((22 + -6 - 5) + -4 - (0 - 2)).
60
Evaluate -53 + 3 - (24 + -14 + -7) - (2 + 7).
-62
What is (2 - (-21 + 6)) + 209 + -254?
-28
Evaluate (227 - 93 - 104) + -27 + 0.
3
What is the value of -15 - (28 - 0 - (70 + -4 + -51))?
-28
What is the value of 78 + -137 + 32 - (6 + -152)?
119
Evaluate 23 + (-1 - 4) + 15 + 18 + -13.
38
Evaluate 12 - (-28 + 0 - 2).
42
9 + (134 - (15 - -62))
66
What is 0 + 185 - (-1430 - -1525)?
90
20 - 1 - (152 - 110)
-23
What is (13 - 7 - (-9 + 17 + 3)) + 14 - -21?
30
Calculate (32 - 26) + 10 - 2.
14
-14 - (22 - (24 - -23)) - (103 + -1)
-91
What is the value of 111 - (-16 - (-13 + -15 + 11)) - -6?
116
What is the value of 3206 + -3229 + (0 - 4 - 2)?
-29
What is the value of 4 + (-10 - -7 - 8) - (-9 - 55)?
57
What is 147 + (-66 + -94 - -88)?
75
What is (17 + -71 - 21) + -4 + (-7 - 9)?
-95
What is the value of 100 + (8 + -3 + 1 - (22 - 6))?
90
What is the value of 18 + 156 - 26 - (31 + -8) - -6?
131
Evaluate -44 + 12 - 14 - -33.
-13
Evaluate (-65 - 123) + 89 + 94.
-5
Calculate 62 + -14 + (-4 - -2) + (-2752 - -2764).
58
What is 16 - 28 - (-3 + -24) - 25?
-10
Calculate -9 + 0 + (-1764 - -1777) - (24 + (-4 - -7)).
-23
What is 2 - (-6 - (2 - (11 - 5))) - (1 + 81)?
-78
Evaluate (6 - 17) + 18 + (-3 - -11).
15
Calculate 15 + 52 - (744 - 585).
-92
(-4 - -7 - -6 - -3) + (21 - 45)
-12
Evaluate 8 + 91 - 40 - (15 + 1).
43
What is 9 + (-9 - -25 - (-6 - (51 - 0)))?
82
(10 - 5) + 1 + (-4 - -2) - -2 - 78
-72
(-299 - -245) + -4 + -21 + (9 - 2)
-72
22 - (6 - 27 - (27 + 55 - 23))
102
Evaluate (-12 - (-12 + 28)) + 27.
-1
What is the value of (-27 - -27) + (-4 - (6 + -1)) - (-8 - -72)?
-73
(-14 - (1 - (1 + 2))) + (82 - -36) + -109
-3
What is the value of 74 + -50 + 3 + (-138 - -16)?
-95
Calculate 97 + 28 + -74 + -33.
18
(-126 - -184) + -22 + (-3 - -1) + -20
14
Calculate -52 + -5 + (33 - 27) + -8 + -6.
-65
3 + (1 - (-4 + 5)) + 19 + 31 + -19
34
Calculate (1 - -17) + (1306 - 1270) + 27.
81
7 - (16 - (15 - 5)) - ((8 - 50) + -1)
44
What is the value of 15 + (-2 - (3 - 4 - -2)) + -27 + 83?
68
Evaluate -63 - (160 + -173 + (-1 - -7)).
-56
Evaluate (-76 - (54 - 141)) + -68 + 4.
-53
Calculate (-6 - 10) + -61 + 70.
-7
Calculate -2 + -29 + -7 + (2 - 9) - (0 + 0).
-45
Calculate 1460 + -1537 + (116 - 3).
36
What is the value of -3 + (3 - -6) + 45 + (6 - (-9 + 9))?
57
Calculate -50 + (-27 - -15) + 118.
56
What is the value of -10 + (32 - (59 - 79))?
42
What is the value of 22 + (130 - 163 - -95)?
84
Calculate 290 - 288 - (-10 + -1) - (-5 + 123).
-105
Evaluate -69 + 79 - (-1 + 15 + 1) - 38.
-43
Calculate 44 + 0 + (-3535 - -3527).
36
-37 + -5 - (250 - 257)
-35
Calculate 18 - (-4 - -1) - 19 - (0 + -17).
19
12 - 0 - (0 + (30 - 10) + -9)
1
Calculate ((2 - 21) + -7 - -5) + 6 - (2 - 43).
26
What is 766 - 755 - (13 - (3 - 1)) - 90?
-90
Evaluate -12 - 4 - (-3 - (11 + -14)) - -2.
-14
129 - (-40 - (-117 - -4))
56
-22 - -30 - (3 + -13) - (1 - -13)
4
Calculate -36 - (13 + -7 + 35) - 18.
-95
Evaluate 6 + -5 + -17 + -13 + -7 + 3.
-33
-1261 + 1294 - (34 + -1)
0
(-4036 - -4053) + -61 + 2
-42
Evaluate 66 + -69 - (-3 + 28 - -2 - 0).
-30
What is -3 + (-77 + 43 - -41)?
4
Evaluate (2 - 15) + 3 + 0 + (-11 - (-29 - 17)).
25
Evaluate 51 - (-3 - 16 - -17 - 4) - (7 - 2).
52
What is (0 - 2 - 4) + 60 + -13 - 11?
30
Evaluate (-11 - -68) + -1 - (-13 + 22) - 7.
40
Evaluate 30 - 234 - -89 - -41.
-74
2 - (4 - -10) - (-25 + -11 + 53)
-29
Evaluate 93 + (-93 + 48 - 70).
-22
What is 160 - -1 - (839 - 753)?
75
What is the value of 2 + 7 - (-86 + (58 - 6))?
43
What is the value of 0 + 21 + (803 - 774) + 18?
68
-13 - -18 - -8 - (25 + -17) - (-2 - -26)
-19
What is 90 - 105 - (0 - -6)?
-21
What is -102 + (0 - 0) + (-32 - -29) + 2 - -7?
-96
Evaluate 45 - 60 - ((-5 - (-4 - -2)) + (-1 - 1)).
-10
What is the value of -3 + 2 + -2 + 4 + (90 - 23) + -104?
-36
(-20 - -18 - (-1 - 1)) + (7 - -2 - 2)
7
9 - 28 - (0 - ((11 - -106) + -3))
95
Calculate -15 + -24 + (0 - -30) + -35.
-44
Calculate (0 - -55 - -2) + -37.
20
Calculate -12 + -17 + 51 - (-2 - 20).
44
Evaluate 78 - (-5 + 41 + -4).
46
What is -39 + (5 - 59 - -52)?
-41
What is the value of (3 - (-10 - -27)) + (12 - (17 + -33))?
14
What is the value of 10 - -2 - ((110 - 0) + -80)?
-18
Evaluate 144 + -132 - (45 + 0 + -2 + 8 + -4).
-35
What is -97 + 24 + 3 + 32?
-38
-104 + 84 + 9 + (-11 - -4)
-18
Evaluate -4 - (6 + -13 + 24 + -31).
10
Evaluate 14 + (-7 - (-17 + 20 - -1)).
3
What is the value of -15 - ((-423 + 329 - (0 - (-2 + -12))) + -9)?
102
What is -41 - ((-7 - -96) + -102)?
-28
Evaluate 39 + -19 - (-1 + 1 - -57).
-37
Evaluate -3 - -24 - -1 - (-39 + 26 - -10).
25
Calculate 2 - 70 - ((-64 - -2) + 39).
-45
What is -21 + (5 - (8 + 0 - (-16 - (-50 + 22))))?
-12
What is -214 + 197 - (14 + (2 - 2) + -2)?
-29
Calculate -85 + 114 + 40 + -28.
41
-8 + (16 - (8 - 141) - -3) + -19
125
What is the value of (3 + 13 - 4 - 2) + (-46 - (4 + -2))?
-38
18 - (2 + -72 - (-19 + -40 + 61))
90
What is 231 + -235 - (-25 - -106)?
-85
Evaluate -2 + -1 + 7 + -7 - (-14 - -27 - -5).
-21
Calculate 2252 + -2284 + (33 - 0).
1
What is the value of 30 - (-54 + 144) - 34?
-94
Calculate 16 + 46 + -42 + 2 + 2.
24
What is -9 - (-9 + (2 - 2) - (-50 + -10 + 52))?
-8
Evaluate -12 + 0 + -1 - (24 - (-149 + 153)).
-33
What is (-54 - -135) + -52